{"id":1676,"date":"2026-01-29T09:48:07","date_gmt":"2026-01-29T12:48:07","guid":{"rendered":"https:\/\/c2751330.ferozo.com\/a\/?post_type=product&#038;p=1676"},"modified":"2026-04-17T15:08:36","modified_gmt":"2026-04-17T18:08:36","slug":"zapato-funcional-horizon","status":"publish","type":"product","link":"https:\/\/urtec.com.ar\/tienda\/product\/zapato-funcional-horizon\/","title":{"rendered":"Zapato FUNCIONAL Horizon"},"content":{"rendered":"<ul>\n<li><strong>Numeraci\u00f3n: <\/strong>36 &#8211; 46<\/li>\n<li><strong>Exterior:<\/strong>Combinaci\u00f3n de Cuero Nobuck y Materiales Textiles<\/li>\n<li><strong>Interior:<\/strong>Forro textil con tratamiento antimicrobiano<\/li>\n<li><strong>Cuello:<\/strong>Acolchado<\/li>\n<li><strong>Leng\u00fceta:<\/strong>Forrada y acolchada<\/li>\n<li><strong>Puntera:<\/strong>Aluminio<\/li>\n<li><strong>Tecnolog\u00edas<\/strong>\n<ul>\n<li><span class=\"metafield-multi_line_text_field\">Aluminium Toe Cap<br \/>\n<\/span><\/li>\n<li><span class=\"metafield-multi_line_text_field\">IPD Technology<br \/>\n<\/span><\/li>\n<li><span class=\"metafield-multi_line_text_field\">DCP System<br \/>\n<\/span><\/li>\n<li><span class=\"metafield-multi_line_text_field\">Shock Absorber<br \/>\n<\/span><\/li>\n<li><span class=\"metafield-multi_line_text_field\">Reflemax<br \/>\n<\/span><\/li>\n<li><span class=\"metafield-multi_line_text_field\">Aircore<br \/>\n<\/span><\/li>\n<li><span class=\"metafield-multi_line_text_field\">Microtec Pro<br \/>\n<\/span><\/li>\n<li><span class=\"metafield-multi_line_text_field\">Foamfree<\/span><\/li>\n<\/ul>\n<\/li>\n<\/ul>\n<p><strong>PLANTA<\/strong><\/p>\n<ul>\n<li><strong>Compuesto suela: <\/strong>Poliuretano Multidensidad<\/li>\n<li><strong>Adhesi\u00f3n Capellada planta: <\/strong>Inyecci\u00f3n directa<\/li>\n<li><strong>Propiedades planta<\/strong>\n<ul>\n<li><span class=\"metafield-multi_line_text_field\">Diel\u00e9ctrica<br \/>\n<\/span><\/li>\n<li><span class=\"metafield-multi_line_text_field\">Resistente a Hidrocarburos<br \/>\n<\/span><\/li>\n<li><span class=\"metafield-multi_line_text_field\">Antideslizante<br \/>\n<\/span><\/li>\n<li><span class=\"metafield-multi_line_text_field\">Autolimpiante<br \/>\n<\/span><\/li>\n<li><span class=\"metafield-multi_line_text_field\">Resistente a la Flexi\u00f3n<br \/>\n<\/span><\/li>\n<li><span class=\"metafield-multi_line_text_field\">Resistente a la Abrasi\u00f3n<\/span><\/li>\n<\/ul>\n<\/li>\n<li><strong>Riesgos cubiertos<\/strong>\n<ul>\n<li><span class=\"metafield-multi_line_text_field\">D &#8211; Diel\u00e9ctrico<br \/>\n<\/span><\/li>\n<li><span class=\"metafield-multi_line_text_field\">HI &#8211; Aislamiento al Calor del Suelo<br \/>\n<\/span><\/li>\n<li><span class=\"metafield-multi_line_text_field\">CI &#8211; Aislamiento al Fr\u00edo del Suelo<br \/>\n<\/span><\/li>\n<li><span class=\"metafield-multi_line_text_field\">E &#8211; Absorci\u00f3n de Energ\u00eda en el Tal\u00f3n<\/span><\/li>\n<\/ul>\n<\/li>\n<\/ul>\n<p><strong>ACCESORIOS<\/strong><\/p>\n<ul>\n<li><strong>Cordones: <\/strong>Ultra resistentes a la tracci\u00f3n con REFLEMAX<\/li>\n<li><strong>Pasacordones: <\/strong>Ojalillos reforzados<\/li>\n<li><strong>Plantilla: <\/strong>Plantilla ultra confort conformada ergon\u00f3mica<\/li>\n<\/ul>\n","protected":false},"excerpt":{"rendered":"<p>Zapato urbano ultraliviano de seguridad. Cuero ultra premium, dise\u00f1o y tecnolog\u00eda de vanguardia. Confort sin l\u00edmites y m\u00e1xima protecci\u00f3n<\/p>\n","protected":false},"featured_media":1677,"template":"","meta":{"_joinchat":[]},"product_brand":[274],"product_cat":[259,269],"product_tag":[272,277,279],"class_list":{"0":"post-1676","1":"product","2":"type-product","3":"status-publish","4":"has-post-thumbnail","6":"product_brand-funcional","7":"product_cat-calzado-seguridad","8":"product_cat-zapatos","9":"product_tag-calzado-de-seguridad","10":"product_tag-funcional","11":"product_tag-zapato","13":"first","14":"instock","15":"taxable","16":"shipping-taxable","17":"purchasable","18":"product-type-simple"},"_links":{"self":[{"href":"https:\/\/urtec.com.ar\/tienda\/wp-json\/wp\/v2\/product\/1676","targetHints":{"allow":["GET"]}}],"collection":[{"href":"https:\/\/urtec.com.ar\/tienda\/wp-json\/wp\/v2\/product"}],"about":[{"href":"https:\/\/urtec.com.ar\/tienda\/wp-json\/wp\/v2\/types\/product"}],"wp:featuredmedia":[{"embeddable":true,"href":"https:\/\/urtec.com.ar\/tienda\/wp-json\/wp\/v2\/media\/1677"}],"wp:attachment":[{"href":"https:\/\/urtec.com.ar\/tienda\/wp-json\/wp\/v2\/media?parent=1676"}],"wp:term":[{"taxonomy":"product_brand","embeddable":true,"href":"https:\/\/urtec.com.ar\/tienda\/wp-json\/wp\/v2\/product_brand?post=1676"},{"taxonomy":"product_cat","embeddable":true,"href":"https:\/\/urtec.com.ar\/tienda\/wp-json\/wp\/v2\/product_cat?post=1676"},{"taxonomy":"product_tag","embeddable":true,"href":"https:\/\/urtec.com.ar\/tienda\/wp-json\/wp\/v2\/product_tag?post=1676"}],"curies":[{"name":"wp","href":"https:\/\/api.w.org\/{rel}","templated":true}]}}