{"id":1607,"date":"2026-01-28T17:42:17","date_gmt":"2026-01-28T20:42:17","guid":{"rendered":"https:\/\/c2751330.ferozo.com\/a\/?post_type=product&#038;p=1607"},"modified":"2026-04-17T15:08:30","modified_gmt":"2026-04-17T18:08:30","slug":"mameluco-de-trabajo","status":"publish","type":"product","link":"https:\/\/urtec.com.ar\/tienda\/product\/mameluco-de-trabajo\/","title":{"rendered":"Mameluco de trabajo"},"content":{"rendered":"","protected":false},"excerpt":{"rendered":"<p>Triple costura y atraques para reforzar puntos de tensi\u00f3n. Cierre frontal con cremallera doble cursor de nylon. Bolsillos superiores plaqu\u00e9 con tapa. Bolsillo trasero e inferiores plaqu\u00e9. Cintura elastizada. Pu\u00f1os con botones y ojales bordados.<\/p>\n<p>TELA: GABARDINA, 80Z &#8211; 100% ALGOD\u00d3N<\/p>\n<p>CURVA DE TALLES: XS \u00b7 S \u00b7 M \u00b7 L \u00b7 XL \u00b7 2XL \u00b7 3XL<\/p>\n<p>COLOR: Azul marino<\/p>\n","protected":false},"featured_media":1608,"template":"","meta":{"_joinchat":[]},"product_brand":[],"product_cat":[240,254],"product_tag":[248,46],"class_list":{"0":"post-1607","1":"product","2":"type-product","3":"status-publish","4":"has-post-thumbnail","6":"product_cat-indumentaria-corporativa","7":"product_cat-mameluco","8":"product_tag-indumentaria-corporativa","9":"product_tag-mameluco","11":"first","12":"instock","13":"taxable","14":"shipping-taxable","15":"purchasable","16":"product-type-simple"},"_links":{"self":[{"href":"https:\/\/urtec.com.ar\/tienda\/wp-json\/wp\/v2\/product\/1607","targetHints":{"allow":["GET"]}}],"collection":[{"href":"https:\/\/urtec.com.ar\/tienda\/wp-json\/wp\/v2\/product"}],"about":[{"href":"https:\/\/urtec.com.ar\/tienda\/wp-json\/wp\/v2\/types\/product"}],"wp:featuredmedia":[{"embeddable":true,"href":"https:\/\/urtec.com.ar\/tienda\/wp-json\/wp\/v2\/media\/1608"}],"wp:attachment":[{"href":"https:\/\/urtec.com.ar\/tienda\/wp-json\/wp\/v2\/media?parent=1607"}],"wp:term":[{"taxonomy":"product_brand","embeddable":true,"href":"https:\/\/urtec.com.ar\/tienda\/wp-json\/wp\/v2\/product_brand?post=1607"},{"taxonomy":"product_cat","embeddable":true,"href":"https:\/\/urtec.com.ar\/tienda\/wp-json\/wp\/v2\/product_cat?post=1607"},{"taxonomy":"product_tag","embeddable":true,"href":"https:\/\/urtec.com.ar\/tienda\/wp-json\/wp\/v2\/product_tag?post=1607"}],"curies":[{"name":"wp","href":"https:\/\/api.w.org\/{rel}","templated":true}]}}