{"id":1394,"date":"2026-01-27T12:06:46","date_gmt":"2026-01-27T15:06:46","guid":{"rendered":"https:\/\/c2751330.ferozo.com\/a\/?post_type=product&#038;p=1394"},"modified":"2026-04-18T16:57:36","modified_gmt":"2026-04-18T19:57:36","slug":"guante-cuero-descarne-puno-corto-gris","status":"publish","type":"product","link":"https:\/\/urtec.com.ar\/tienda\/product\/guante-cuero-descarne-puno-corto-gris\/","title":{"rendered":"Guante cuero descarne pu\u00f1o corto gris"},"content":{"rendered":"<ul>\n<li>RESISTENCIA A LA ABRASI\u00d3N<\/li>\n<li>REFUERZO EN PALMA<\/li>\n<li>FABRICADO EN CUERO DESCARNE<\/li>\n<\/ul>\n","protected":false},"excerpt":{"rendered":"<p>Guante realizado en cuero descarne de espesor 1,1\/1,3 mm. Confeccionado en cinco piezas m\u00e1s el pu\u00f1o. Cuenta con un refuerzo en la palma para mayor protecci\u00f3n y durabilidad. Especialmente destinado a tareas generales.<\/p>\n","protected":false},"featured_media":1395,"template":"","meta":{"_joinchat":[]},"product_brand":[],"product_cat":[162,151],"product_tag":[180,167],"class_list":{"0":"post-1394","1":"product","2":"type-product","3":"status-publish","4":"has-post-thumbnail","6":"product_cat-cuero-descarne","7":"product_cat-protecion-mano","8":"product_tag-cuero-descarne","9":"product_tag-proteccion-de-manos","11":"first","12":"instock","13":"taxable","14":"shipping-taxable","15":"purchasable","16":"product-type-simple"},"_links":{"self":[{"href":"https:\/\/urtec.com.ar\/tienda\/wp-json\/wp\/v2\/product\/1394","targetHints":{"allow":["GET"]}}],"collection":[{"href":"https:\/\/urtec.com.ar\/tienda\/wp-json\/wp\/v2\/product"}],"about":[{"href":"https:\/\/urtec.com.ar\/tienda\/wp-json\/wp\/v2\/types\/product"}],"wp:featuredmedia":[{"embeddable":true,"href":"https:\/\/urtec.com.ar\/tienda\/wp-json\/wp\/v2\/media\/1395"}],"wp:attachment":[{"href":"https:\/\/urtec.com.ar\/tienda\/wp-json\/wp\/v2\/media?parent=1394"}],"wp:term":[{"taxonomy":"product_brand","embeddable":true,"href":"https:\/\/urtec.com.ar\/tienda\/wp-json\/wp\/v2\/product_brand?post=1394"},{"taxonomy":"product_cat","embeddable":true,"href":"https:\/\/urtec.com.ar\/tienda\/wp-json\/wp\/v2\/product_cat?post=1394"},{"taxonomy":"product_tag","embeddable":true,"href":"https:\/\/urtec.com.ar\/tienda\/wp-json\/wp\/v2\/product_tag?post=1394"}],"curies":[{"name":"wp","href":"https:\/\/api.w.org\/{rel}","templated":true}]}}