{"id":1353,"date":"2026-01-27T07:33:13","date_gmt":"2026-01-27T10:33:13","guid":{"rendered":"https:\/\/c2751330.ferozo.com\/a\/?post_type=product&#038;p=1353"},"modified":"2026-04-18T16:57:34","modified_gmt":"2026-04-18T19:57:34","slug":"protector-auditivo-de-copa-3m-peltor-optime-ii-para-pasco","status":"publish","type":"product","link":"https:\/\/urtec.com.ar\/tienda\/product\/protector-auditivo-de-copa-3m-peltor-optime-ii-para-pasco\/","title":{"rendered":"Protector Auditivo de Copa 3M Peltor Optime II para pasco"},"content":{"rendered":"<ul>\n<li>Dise\u00f1o moderno y estilizado.<\/li>\n<li>Anillo l\u00edquido de sellado en el interior de la almohadilla para mejorar la comodidad.<\/li>\n<li>Dise\u00f1o \u00fanico de bajo perfil que permite mantener la presi\u00f3n del arn\u00e9s constante para obtener la<br \/>\nmisma protecci\u00f3n a lo largo de toda la jornada.<\/li>\n<li>Amplio espacio dentro del protector para reducir el calor y mejorar comodidad.<\/li>\n<li>Almohadillas amplias y suaves para reducir la sensaci\u00f3n de presi\u00f3n alrededor del pabell\u00f3n<br \/>\nauditivo mejorando la aceptaci\u00f3n por el usuario y su comodidad.<\/li>\n<li>Kit de higiene compuesto de almohadilla exterior y relleno interior de f\u00e1cil reemplazo para mejorar la higiene y duraci\u00f3n del equipo.<\/li>\n<li>La versi\u00f3n para casco encaja directamente en una gran variedad de cascos del mercado sin<br \/>\nnecesidad de adaptador adicional.<\/li>\n<\/ul>\n","protected":false},"excerpt":{"rendered":"<p>La Gama 3M Peltor Optime II orejeras est\u00e1 disponible en versi\u00f3n de arn\u00e9s de cabeza, arn\u00e9s de nuca, plegable o con anclaje a casco.<br \/>\nEstos productos est\u00e1n dise\u00f1ados para proporcionar niveles de atenuaci\u00f3n medio-alto muy adecuado para la mayor\u00eda de aplicaciones industriales con altos niveles de exposici\u00f3n a ruido.<br \/>\nEstos equipos ayudan a reducir niveles da\u00f1inos o molestos de ruido siempre que se utilicen, seleccionen y mantengan de forma adecuada.<br \/>\nLa versi\u00f3n con anclaje a casco est\u00e1 dise\u00f1ada para que ajuste a una gran variedad de cascos de<br \/>\nseguridad (ver m\u00e1s detalles a continuaci\u00f3n).<\/p>\n","protected":false},"featured_media":1354,"template":"","meta":{"_joinchat":[]},"product_brand":[110],"product_cat":[146,143],"product_tag":[111,147,38],"class_list":{"0":"post-1353","1":"product","2":"type-product","3":"status-publish","4":"has-post-thumbnail","6":"product_brand-3m","7":"product_cat-copa-casco","8":"product_cat-proteccion-auditiva","9":"product_tag-3m","10":"product_tag-auditiva","11":"product_tag-de-copa-para-casco","13":"first","14":"outofstock","15":"taxable","16":"shipping-taxable","17":"purchasable","18":"product-type-simple"},"_links":{"self":[{"href":"https:\/\/urtec.com.ar\/tienda\/wp-json\/wp\/v2\/product\/1353","targetHints":{"allow":["GET"]}}],"collection":[{"href":"https:\/\/urtec.com.ar\/tienda\/wp-json\/wp\/v2\/product"}],"about":[{"href":"https:\/\/urtec.com.ar\/tienda\/wp-json\/wp\/v2\/types\/product"}],"wp:featuredmedia":[{"embeddable":true,"href":"https:\/\/urtec.com.ar\/tienda\/wp-json\/wp\/v2\/media\/1354"}],"wp:attachment":[{"href":"https:\/\/urtec.com.ar\/tienda\/wp-json\/wp\/v2\/media?parent=1353"}],"wp:term":[{"taxonomy":"product_brand","embeddable":true,"href":"https:\/\/urtec.com.ar\/tienda\/wp-json\/wp\/v2\/product_brand?post=1353"},{"taxonomy":"product_cat","embeddable":true,"href":"https:\/\/urtec.com.ar\/tienda\/wp-json\/wp\/v2\/product_cat?post=1353"},{"taxonomy":"product_tag","embeddable":true,"href":"https:\/\/urtec.com.ar\/tienda\/wp-json\/wp\/v2\/product_tag?post=1353"}],"curies":[{"name":"wp","href":"https:\/\/api.w.org\/{rel}","templated":true}]}}