{"id":1242,"date":"2026-01-26T08:45:32","date_gmt":"2026-01-26T11:45:32","guid":{"rendered":"https:\/\/c2751330.ferozo.com\/a\/?post_type=product&#038;p=1242"},"modified":"2026-04-18T16:57:31","modified_gmt":"2026-04-18T19:57:31","slug":"respirador-libus-descartable-zer0-32c-fr","status":"publish","type":"product","link":"https:\/\/urtec.com.ar\/tienda\/product\/respirador-libus-descartable-zer0-32c-fr\/","title":{"rendered":"Respirador LIBUS Descartable ZER0 32C FR"},"content":{"rendered":"<ul>\n<li><strong>V\u00e1lvula de exhalaci\u00f3n Eolo\u00ae:<\/strong> Una membrana ultraligera concentra el aire exhalado en dos zonas de m\u00e1xima apertura, un 30% m\u00e1s anchas que la v\u00e1lvula anterior. Con estas mejoras, la resistencia respiratoria disminuye significativamente.<\/li>\n<li><strong>Capa protectora adicional<\/strong> hace que la mascarilla sea adecuada para operaciones de soldadura.<\/li>\n<li><strong>Sello de espuma t\u00e9cnica suave:<\/strong> Elaborado con una nueva espuma t\u00e9cnica suave, que permite un excelente ajuste en cualquier rostro y garantiza un alto confort en contacto con la piel.<\/li>\n<li><strong>Alta transpirabilidad:\u00a0<\/strong>Material con una relaci\u00f3n de transmisi\u00f3n de vapor de agua de 4500 g\/m\u00b2 en 24 horas, ideal para situaciones de actividad f\u00edsica intensa o altas temperaturas.<\/li>\n<li><strong>El\u00e1sticos Regulables:\u00a0<\/strong>Gracias tambi\u00e9n al nuevo sistema de enganche\/desenganche, facilitan el correcto posicionamiento de la pieza facial.<\/li>\n<li><strong>Soporte Interno:<\/strong> El nuevo material cumple con requisitos m\u00e1s respetuosos con el medio ambiente, que el anterior tejido verde, adem\u00e1s de ser m\u00e1s ligero y suave para un contacto m\u00e1s agradable con la cara.<\/li>\n<li><strong>Embalaje individual:<\/strong>\u00a0Garantiza un alto nivel de higiene para el usuario.<\/li>\n<\/ul>\n","protected":false},"excerpt":{"rendered":"<p>Ofrecen m\u00e1xima protecci\u00f3n con un excelente confort respiratorio. Disponen de una capa protectora que evita la obstrucci\u00f3n del material filtrante y la absorci\u00f3n de l\u00edquidos, prolongando la eficiencia filtrante. Retardante de llama, especial para soldadores.<\/p>\n","protected":false},"featured_media":1243,"template":"","meta":{"_joinchat":[]},"product_brand":[30],"product_cat":[132,133],"product_tag":[96,139,137],"class_list":{"0":"post-1242","1":"product","2":"type-product","3":"status-publish","4":"has-post-thumbnail","6":"product_brand-libus","7":"product_cat-proteccion-respiratoria","8":"product_cat-respiradores-descartables","9":"product_tag-libus","10":"product_tag-respiradores-descartables","11":"product_tag-respiratoria","13":"first","14":"instock","15":"taxable","16":"shipping-taxable","17":"purchasable","18":"product-type-simple"},"_links":{"self":[{"href":"https:\/\/urtec.com.ar\/tienda\/wp-json\/wp\/v2\/product\/1242","targetHints":{"allow":["GET"]}}],"collection":[{"href":"https:\/\/urtec.com.ar\/tienda\/wp-json\/wp\/v2\/product"}],"about":[{"href":"https:\/\/urtec.com.ar\/tienda\/wp-json\/wp\/v2\/types\/product"}],"wp:featuredmedia":[{"embeddable":true,"href":"https:\/\/urtec.com.ar\/tienda\/wp-json\/wp\/v2\/media\/1243"}],"wp:attachment":[{"href":"https:\/\/urtec.com.ar\/tienda\/wp-json\/wp\/v2\/media?parent=1242"}],"wp:term":[{"taxonomy":"product_brand","embeddable":true,"href":"https:\/\/urtec.com.ar\/tienda\/wp-json\/wp\/v2\/product_brand?post=1242"},{"taxonomy":"product_cat","embeddable":true,"href":"https:\/\/urtec.com.ar\/tienda\/wp-json\/wp\/v2\/product_cat?post=1242"},{"taxonomy":"product_tag","embeddable":true,"href":"https:\/\/urtec.com.ar\/tienda\/wp-json\/wp\/v2\/product_tag?post=1242"}],"curies":[{"name":"wp","href":"https:\/\/api.w.org\/{rel}","templated":true}]}}